32)/(-10) - (-8)/(-40). Let m(t) = 6*t**2 + 3*t**3 + 3 - 14*t + 0*t**n - 2*t**3. What is the tens digit of m(-6)?
8
Let d = 9923 + 39. What is the tens digit of d?
6
Let u be ((-24)/(-60))/((-2)/40). Let n = 461 - 649. What is the hundreds digit of (n/u*16)/2?
1
Suppose 5*o - 85522 = -2*b, o - 4*o = -2*b - 51294. What is the units digit of o?
2
Let n = -11829 + 17098. What is the thousands digit of n?
5
Let r(p) = p**3 + p - 1. Let q(s) = -214*s**3 + 3*s**2 - 5*s + 6. Let b(v) = q(v) + 6*r(v). What is the tens digit of b(-1)?
1
Let i = -29084 - -58273. What is the units digit of i?
9
Suppose 0 = 423*u - 426*u + 4*m + 56692, 4*m + 16 = 0. What is the hundreds digit of u?
8
Let k(q) = 129*q**2 - 55*q - 283. Let v(t) = -26*t**2 + 11*t + 57. Let d(c) = -2*k(c) - 11*v(c). What is the hundreds digit of d(-4)?
4
Let g(d) = -503*d + 18. Suppose v + 3*x - 1 = 0, x - 10 - 1 = 5*v. What is the hundreds digit of g(v)?
0
Suppose -9*m + 7*m = 4. Let j be (m/7)/(2/(-14)). Suppose j*q - 54 = 46. What is the units digit of q?
0
Let m(f) = 1243*f**2 - 20*f - 64. What is the ten thousands digit of m(-3)?
1
What is the thousands digit of (-10)/4*(1013608/(-580) - 2*-1)?
4
Suppose -2*i = 16 + 24. What is the tens digit of (i + -1)*94*(-2)/12?
2
Let g be (-11 - 16)/(-9) - (-1 - -2608). What is the tens digit of (-4)/(-22) - (g/77 - -1)?
3
Suppose 0 = 4*v + 8*v - 36. Let o be 5 + (-1)/(v*3/(-9)). Suppose -o*h - 57 + 171 = 0. What is the tens digit of h?
1
Let i(o) = 57*o**3 - 3*o**2 + 3*o + 519. What is the ten thousands digit of i(8)?
2
Let v = 158 - -6. Suppose v = 3*a - 1. Suppose 57*h - 234 = a*h. What is the units digit of h?
7
Suppose -5*f = 0, -f = 2*t - 5*f - 14. Suppose -2*m = 5*b - 70, -t*m + 3*b - 74 = -9*m. What is the tens digit of m?
4
Suppose 16*w - 828 = 13*w. Suppose 15*n + w = 17*n. Let o = n - 42. What is the units digit of o?
6
What is the tens digit of 1436320/32 - (-4)/1?
8
Let r(p) = 17*p**2 + 3*p - 44 + 37 + 33*p**2 + 24*p**2 - 8*p. What is the thousands digit of r(-4)?
1
Let x be 2/4*80/(-40). What is the units digit of (((-2135)/10)/7)/(x/2)?
1
Suppose 10*k + 12*k - 308 = 0. What is the units digit of ((-4)/(-14) - (-9460)/k)*1?
6
Suppose 0 = -3*x + 66 - 51. Suppose -2*t = 2*t - d - 967, -3*t + x*d + 721 = 0. What is the units digit of t?
2
Let g(m) = -m + 292. Let d be g(0). Let n be ((-3 + -57)/(-4))/(13/13). Suppose n*x - 11*x = d. What is the units digit of x?
3
Let i(z) = -z**3 + 6*z**2 + 3*z - 9. Let q(x) = 6*x**2 - 11*x - 8*x - 8*x - 1 + 26*x. Let r be q(-1). What is the units digit of i(r)?
9
Let b = -178 + 173. What is the units digit of 1*1139 + (-9)/(-45)*b?
8
Let r be (-14 + 1 + -2)*3/(-9). Let c(u) = -r*u + 9*u - 5*u**2 - 2*u**3 - 5 - 6*u. What is the tens digit of c(-5)?
3
Suppose -v - 4*t = -14, 67*v - 64*v - 18 = -4*t. Suppose 4*b = -16, 119 = h - v*b - 580. What is the units digit of h?
1
Let o(t) = t**2 + 30*t - 33. Let b be o(-31). What is the hundreds digit of 8/((-24)/(-307)) + b/6?
1
Let u(z) = -6*z + 32. Let w = 8 + 23. Suppose 3*m = 4*n + w, -3*n - 3*m = 2*n + 59. What is the tens digit of u(n)?
9
Let j(f) = -1 + 3*f**2 - 2*f**2 - 8 + 0*f**2. Suppose 28*i = 31*i - 21. What is the units digit of j(i)?
0
Let g(n) be the third derivative of 5/2*n**3 + n**4 - 5*n**2 + 1/4*n**5 + 0*n + 1/120*n**6 + 0. What is the units digit of g(-13)?
1
Let k = 279 + -279. Suppose k = -42*d + 60*d - 10422. What is the units digit of d?
9
What is the ten thousands digit of 7/(280/8)*64810?
1
Suppose 1121 = 10*f - 189. Suppose -f = -2*u + 679. What is the hundreds digit of u?
4
What is the hundreds digit of (-206475)/(-45) + (-14)/(-21)?
5
Suppose -5*n + 159 = -3*b, -b = -6*b - 15. Suppose -n*a + 13392 = a. What is the tens digit of a?
3
Let t(d) be the first derivative of -d**4/2 - d**3/3 - 3*d**2/2 + 2*d + 2. Suppose -6*j = 63 - 45. What is the tens digit of t(j)?
5
What is the thousands digit of (543/42 - (5 + 8)) + (-1331934)/(-28)?
7
Let m(p) = 117*p**2 - 763*p - 40. What is the tens digit of m(-12)?
6
Let n(r) = 311*r**2 - r + 3. Suppose 20 - 46 = -5*g + 4*o, -16 = -2*g + 3*o. What is the hundreds digit of n(g)?
2
Let a be (-40)/60*(0 + 1 - 4). Suppose -b - 3*o + 37 = b, -55 = -a*b + 3*o. Let g = -22 + b. What is the units digit of g?
1
Let c(v) = v**3 - 12*v**2 + 7*v + 22. Let n be c(17). Suppose 5*z = -516 + n. Suppose 0 = 5*q - 3*u - z + 53, 0 = q - u - 31. What is the tens digit of q?
3
Let p(l) = l**2 - 16*l + 1. Let z be p(16). What is the units digit of -80*z/(20/(-88))?
2
Let m(c) = 306*c - 2. Let p be m(2). Suppose 2*s - 3*f - 819 = 0, -142*s + 145*s = -2*f + 1222. Let z = p - s. What is the tens digit of z?
0
Let m be (133/(-2))/(-7 - (-4330)/620). What is the units digit of 14/(-91) + m/13?
7
Suppose 3*a - 3*o = 64401, 0 = 3*a - 21*o + 16*o - 64403. What is the units digit of a?
6
Suppose 0 = -5*a + 2 + 13. Suppose -2*c + 39 = 2*z - 35, -a*z + 6 = 0. What is the tens digit of 10/c - (-82)/7?
1
Suppose 4*y = -h + 7770, -10*h + 2*y = -12*h + 15564. What is the hundreds digit of h?
7
Let i(l) = 28*l - 41. Suppose 4*p - 22 = -2*y, 6*y + 29 = 7*y - 4*p. What is the tens digit of i(y)?
3
Let t be (8 - (-20)/(-4))*(-4)/3. Let q(l) = -74*l + 32. What is the units digit of q(t)?
8
Let f(j) = 39*j**2 + 31*j + 256. What is the units digit of f(-12)?
0
Suppose -3227 + 33253 = 19*u - 1875. What is the tens digit of u?
7
Let b(d) = d**2 + 13*d + 25. Let s be b(-11). Suppose -7*p + 760 = s*p. Let q = p + 72. What is the hundreds digit of q?
1
What is the ten thousands digit of ((-57)/76)/((-727195)/(-181800) - 4)?
2
Let k(n) = 206*n**3 - 6*n**2 - 4*n + 13. Let t be k(-4). What is the tens digit of 11/((-385)/t) + (-2)/(-5)?
7
Suppose -b + 5*g + 161 = 0, 5 = 3*g - 4. Let x = b + 178. What is the units digit of x?
4
Suppose 2*k - 7*f = -9*f + 2608, -3*k + 4*f = -3891. What is the units digit of k?
1
Let b = 98 + -101. Let d(j) = -2*j**3 - 8*j**2 - 7*j + 1. Let h be d(b). Let m(u) = 3*u**2 + 5*u + 1. What is the units digit of m(h)?
9
Let i = 115 - 67. What is the units digit of (-233)/(-1) - (i/8 + -3)?
0
Suppose 4*f - 37045 = t, 4*f = 3*t - 7*t + 37060. What is the hundreds digit of f?
2
Let o(i) = 12*i + 74. Let w be o(-6). Suppose 292 = 2*r + w*a - 572, -1713 = -4*r + a. What is the tens digit of r?
2
Suppose -32*u = -24*u - 6288. Suppose 0 = 24*o - 18*o + u. Let v = o + 134. What is the units digit of v?
3
Suppose 2*s = -2*y - 0*y - 4134, 5*y + 10341 = -3*s. What is the tens digit of ((y/(-12))/23)/((-2)/(-228))?
5
Suppose 4*g + 349 = 109. Let m be 12/10*(-200)/g. Suppose m*a - 28 = 24. What is the tens digit of a?
1
Suppose 25*s + s = 1300. What is the tens digit of s?
5
Let d = -9144 + 10050. What is the tens digit of d?
0
Let a(f) = 3117*f - 2590. What is the thousands digit of a(3)?
6
Let v(i) = -21 + 0*i - 44 - 110*i. What is the tens digit of v(-2)?
5
Let j(s) = -2*s**3 - s**2 + 29*s + 364. What is the thousands digit of j(-13)?
4
Suppose 0 = 4978*g - 5006*g + 214144. What is the tens digit of g?
4
Let i(o) = 676*o**3 + 3*o**2 + 55*o - 118. What is the units digit of i(2)?
2
Let a(f) = -390*f + 14. Let y be a(-2). Suppose 0 = 3*j - 0*i + 5*i - y, 4*j = -i + 1087. What is the tens digit of j?
7
Let t(r) = 33*r - 232. Let m be t(7). What is the tens digit of (m + 2)/(-1) - -864?
6
Suppose 29*a = 19*a + 21190. Suppose -12*p + a = 703. What is the tens digit of p?
1
Let a(f) = 92*f - 3. Let q(y) = 4*y + 2. Let g(h) = a(h) - q(h). What is the tens digit of g(11)?
6
Let r = -965 + 1423. What is the units digit of 0/1 + r + 7?
5
What is the thousands digit of 14078 - (18 + -35) - -9?
4
Suppose 5*m + 1150 = 2*f, 3*m + 1699 = 3*f + 2*m. Let u = -323 + f. What is the tens digit of u?
4
Let x = 51 + -51. Suppose -11*v + 6*v + 1905 = x. What is the hundreds digit of v?
3
Let l = 196 - 202. What is the units digit of 318/((-3)/18*l)?
8
Suppose -339 = h + 3*r - 1309, 0 = 5*h + 3*r - 4898. What is the units digit of h?
2
Suppose -2295 = -3*m + 5*p, 3*p - 968 = -m - 189. Let k be (2 + 0 + -2)/(-2). Suppose k = -f + 2*o - 8 + 156, -5*f = 5*o - m. What is the units digit of f?
2
Let c(w) be the first derivative of -w**4 + 2*w**3/3 + w**2/2 - 10. Let u be c(-4). Suppose 5*t = -79 + u. What is the tens digit of t?
4
Let x be -4 - -8 - 2/2. Let 